{"id":352,"date":"2015-01-27T20:37:04","date_gmt":"2015-01-27T19:37:04","guid":{"rendered":"http:\/\/zahaczeni.net\/wojtkablog\/?page_id=352"},"modified":"2015-01-27T20:37:04","modified_gmt":"2015-01-27T19:37:04","slug":"o-autorze-wojciech-krzyszczyk","status":"publish","type":"page","link":"http:\/\/zahaczeni.net\/wojtkablog\/o-autorze-wojciech-krzyszczyk\/","title":{"rendered":"O autorze"},"content":{"rendered":"<p><img decoding=\"async\" class=\" alignleft\" src=\"http:\/\/zahaczeni.net\/wp-content\/uploads\/2015\/01\/WojtekAvatarMini-96x96.jpg\" alt=\"Wojciech Krzyszczyk\" \/>W\u0119dkarstwo pachnie wolno\u015bci\u0105. Jak kosz \u015bwie\u017cych grzyb\u00f3w, jak skoszona trawa, jak zapach wrzosowiska i kwitn\u0105cych bz\u00f3w. Pachnie jak wapienna ska\u0142a, jak wiatr na jeziorze. Smakuje codziennie. Gor\u0105c\u0105 kaw\u0105 i pieczon\u0105 kie\u0142bas\u0105. Dojrza\u0142ymi malinami i zup\u0105 \u2013 instant gotowan\u0105 na ognisku. Piaskiem w z\u0119bach i krwi\u0105 z p\u0119kni\u0119tej wargi.<\/p>\n<p>Wida\u0107 je wyra\u017anie. Pomi\u0119dzy topolami, w\u015br\u00f3d krzew\u00f3w ja\u0142owca. Wysoko w kluczu g\u0119si i ni\u017cej ni\u017c babie lato na leszczynie. W bryzgach spienionej kaskady, po\u015brodku piaszczystej przykosy.<\/p>\n<p>Daje si\u0119 \u0142atwo us\u0142ysze\u0107. Jak bicie gradu o namiot, jak krzyk rybitwy. Jak uderzenie rapy w warkoczu, jak d\u017awi\u0119k p\u0119kaj\u0105cego lodu. G\u0142o\u015bno jak morskie fale i cicho jak pych\u00f3wka w sitowiu.<\/p>\n<p>W\u0119dkarstwa mo\u017cna dotkn\u0105\u0107. \u0141api\u0105c wy\u015blizgane drewno wios\u0142a, toruj\u0105c sobie drog\u0119 w\u015br\u00f3d pokrzyw. Omywaj\u0105c twarz w rzece, zrywaj\u0105c dzikie jab\u0142ko. Kl\u0119cz\u0105c na podmok\u0142ej \u0142\u0105ce i g\u0142aszcz\u0105c psa w nadrzecznym domostwie..<\/p>\n<p>W\u0119dkarstwo to krok na prz\u00f3d. Krok, dzi\u0119ki kt\u00f3remu dotrzesz do tego co nieznane, niezdobyte przez nikogo. Do czego\u015b co wolne od rutyny i legendy w drobiazgowym przewodniku. Dla mnie to ogromny krok, stawiany ka\u017cdego dnia. A z ka\u017cdym z nich prze\u017cywam w\u0119dkarstwo wszystkimi zmys\u0142ami.<\/p>\n<p>&nbsp;<\/p>\n<h2 style=\"text-align: right;\"><em>Wojciech Krzyszczyk<\/em><\/h2>\n","protected":false},"excerpt":{"rendered":"<p>W\u0119dkarstwo pachnie wolno\u015bci\u0105. Jak kosz \u015bwie\u017cych grzyb\u00f3w, jak skoszona trawa, jak zapach wrzosowiska i kwitn\u0105cych bz\u00f3w. Pachnie jak wapienna ska\u0142a, jak wiatr na jeziorze. Smakuje codziennie. Gor\u0105c\u0105 kaw\u0105 i pieczon\u0105 kie\u0142bas\u0105. Dojrza\u0142ymi malinami i zup\u0105 \u2013 instant gotowan\u0105 na ognisku. Piaskiem w z\u0119bach i krwi\u0105 z p\u0119kni\u0119tej wargi. Wida\u0107 je wyra\u017anie. Pomi\u0119dzy topolami, w\u015br\u00f3d krzew\u00f3w<a class=\"sup-readmore\" href=\"http:\/\/zahaczeni.net\/wojtkablog\/o-autorze-wojciech-krzyszczyk\/\">Read More<\/a><\/p>\n","protected":false},"author":1,"featured_media":0,"parent":0,"menu_order":0,"comment_status":"open","ping_status":"open","template":"","meta":{"footnotes":""},"yoast_head":"<!-- This site is optimized with the Yoast SEO plugin v20.13 - https:\/\/yoast.com\/wordpress\/plugins\/seo\/ -->\n<title>O autorze - Wojciech Krzyszczyk<\/title>\n<meta name=\"description\" content=\"W\u0119dkarstwo pachnie wolno\u015bci\u0105. Jak kosz \u015bwie\u017cych grzyb\u00f3w, jak skoszona trawa, jak zapach wrzosowiska i kwitn\u0105cych bz\u00f3w ... Wojciech Krzyszczyk\" \/>\n<meta name=\"robots\" content=\"index, follow, max-snippet:-1, max-image-preview:large, max-video-preview:-1\" \/>\n<link rel=\"canonical\" href=\"http:\/\/zahaczeni.net\/wojtkablog\/o-autorze-wojciech-krzyszczyk\/\" \/>\n<meta property=\"og:locale\" content=\"pl_PL\" \/>\n<meta property=\"og:type\" content=\"article\" \/>\n<meta property=\"og:title\" content=\"O autorze - Wojciech Krzyszczyk\" \/>\n<meta property=\"og:description\" content=\"W\u0119dkarstwo pachnie wolno\u015bci\u0105. Jak kosz \u015bwie\u017cych grzyb\u00f3w, jak skoszona trawa, jak zapach wrzosowiska i kwitn\u0105cych bz\u00f3w ... Wojciech Krzyszczyk\" \/>\n<meta property=\"og:url\" content=\"http:\/\/zahaczeni.net\/wojtkablog\/o-autorze-wojciech-krzyszczyk\/\" \/>\n<meta property=\"og:site_name\" content=\"Wojtka Blog\" \/>\n<meta property=\"og:image\" content=\"http:\/\/zahaczeni.net\/wp-content\/uploads\/2015\/01\/WojtekAvatarMini-96x96.jpg\" \/>\n<meta name=\"twitter:label1\" content=\"Szacowany czas czytania\" \/>\n\t<meta name=\"twitter:data1\" content=\"1 minuta\" \/>\n<script type=\"application\/ld+json\" class=\"yoast-schema-graph\">{\"@context\":\"https:\/\/schema.org\",\"@graph\":[{\"@type\":\"WebPage\",\"@id\":\"http:\/\/zahaczeni.net\/wojtkablog\/o-autorze-wojciech-krzyszczyk\/\",\"url\":\"http:\/\/zahaczeni.net\/wojtkablog\/o-autorze-wojciech-krzyszczyk\/\",\"name\":\"O autorze - Wojciech Krzyszczyk\",\"isPartOf\":{\"@id\":\"http:\/\/zahaczeni.net\/wojtkablog\/#website\"},\"datePublished\":\"2015-01-27T19:37:04+00:00\",\"dateModified\":\"2015-01-27T19:37:04+00:00\",\"description\":\"W\u0119dkarstwo pachnie wolno\u015bci\u0105. Jak kosz \u015bwie\u017cych grzyb\u00f3w, jak skoszona trawa, jak zapach wrzosowiska i kwitn\u0105cych bz\u00f3w ... Wojciech Krzyszczyk\",\"breadcrumb\":{\"@id\":\"http:\/\/zahaczeni.net\/wojtkablog\/o-autorze-wojciech-krzyszczyk\/#breadcrumb\"},\"inLanguage\":\"pl-PL\",\"potentialAction\":[{\"@type\":\"ReadAction\",\"target\":[\"http:\/\/zahaczeni.net\/wojtkablog\/o-autorze-wojciech-krzyszczyk\/\"]}]},{\"@type\":\"BreadcrumbList\",\"@id\":\"http:\/\/zahaczeni.net\/wojtkablog\/o-autorze-wojciech-krzyszczyk\/#breadcrumb\",\"itemListElement\":[{\"@type\":\"ListItem\",\"position\":1,\"name\":\"Strona g\u0142\u00f3wna\",\"item\":\"http:\/\/zahaczeni.net\/wojtkablog\/\"},{\"@type\":\"ListItem\",\"position\":2,\"name\":\"O autorze\"}]},{\"@type\":\"WebSite\",\"@id\":\"http:\/\/zahaczeni.net\/wojtkablog\/#website\",\"url\":\"http:\/\/zahaczeni.net\/wojtkablog\/\",\"name\":\"Wojtka Blog\",\"description\":\"W\u0119dkarstwo pachnie wolno\u015bci\u0105 ...\",\"potentialAction\":[{\"@type\":\"SearchAction\",\"target\":{\"@type\":\"EntryPoint\",\"urlTemplate\":\"http:\/\/zahaczeni.net\/wojtkablog\/?s={search_term_string}\"},\"query-input\":\"required name=search_term_string\"}],\"inLanguage\":\"pl-PL\"}]}<\/script>\n<!-- \/ Yoast SEO plugin. -->","yoast_head_json":{"title":"O autorze - Wojciech Krzyszczyk","description":"W\u0119dkarstwo pachnie wolno\u015bci\u0105. Jak kosz \u015bwie\u017cych grzyb\u00f3w, jak skoszona trawa, jak zapach wrzosowiska i kwitn\u0105cych bz\u00f3w ... Wojciech Krzyszczyk","robots":{"index":"index","follow":"follow","max-snippet":"max-snippet:-1","max-image-preview":"max-image-preview:large","max-video-preview":"max-video-preview:-1"},"canonical":"http:\/\/zahaczeni.net\/wojtkablog\/o-autorze-wojciech-krzyszczyk\/","og_locale":"pl_PL","og_type":"article","og_title":"O autorze - Wojciech Krzyszczyk","og_description":"W\u0119dkarstwo pachnie wolno\u015bci\u0105. Jak kosz \u015bwie\u017cych grzyb\u00f3w, jak skoszona trawa, jak zapach wrzosowiska i kwitn\u0105cych bz\u00f3w ... Wojciech Krzyszczyk","og_url":"http:\/\/zahaczeni.net\/wojtkablog\/o-autorze-wojciech-krzyszczyk\/","og_site_name":"Wojtka Blog","og_image":[{"url":"http:\/\/zahaczeni.net\/wp-content\/uploads\/2015\/01\/WojtekAvatarMini-96x96.jpg"}],"twitter_misc":{"Szacowany czas czytania":"1 minuta"},"schema":{"@context":"https:\/\/schema.org","@graph":[{"@type":"WebPage","@id":"http:\/\/zahaczeni.net\/wojtkablog\/o-autorze-wojciech-krzyszczyk\/","url":"http:\/\/zahaczeni.net\/wojtkablog\/o-autorze-wojciech-krzyszczyk\/","name":"O autorze - Wojciech Krzyszczyk","isPartOf":{"@id":"http:\/\/zahaczeni.net\/wojtkablog\/#website"},"datePublished":"2015-01-27T19:37:04+00:00","dateModified":"2015-01-27T19:37:04+00:00","description":"W\u0119dkarstwo pachnie wolno\u015bci\u0105. Jak kosz \u015bwie\u017cych grzyb\u00f3w, jak skoszona trawa, jak zapach wrzosowiska i kwitn\u0105cych bz\u00f3w ... Wojciech Krzyszczyk","breadcrumb":{"@id":"http:\/\/zahaczeni.net\/wojtkablog\/o-autorze-wojciech-krzyszczyk\/#breadcrumb"},"inLanguage":"pl-PL","potentialAction":[{"@type":"ReadAction","target":["http:\/\/zahaczeni.net\/wojtkablog\/o-autorze-wojciech-krzyszczyk\/"]}]},{"@type":"BreadcrumbList","@id":"http:\/\/zahaczeni.net\/wojtkablog\/o-autorze-wojciech-krzyszczyk\/#breadcrumb","itemListElement":[{"@type":"ListItem","position":1,"name":"Strona g\u0142\u00f3wna","item":"http:\/\/zahaczeni.net\/wojtkablog\/"},{"@type":"ListItem","position":2,"name":"O autorze"}]},{"@type":"WebSite","@id":"http:\/\/zahaczeni.net\/wojtkablog\/#website","url":"http:\/\/zahaczeni.net\/wojtkablog\/","name":"Wojtka Blog","description":"W\u0119dkarstwo pachnie wolno\u015bci\u0105 ...","potentialAction":[{"@type":"SearchAction","target":{"@type":"EntryPoint","urlTemplate":"http:\/\/zahaczeni.net\/wojtkablog\/?s={search_term_string}"},"query-input":"required name=search_term_string"}],"inLanguage":"pl-PL"}]}},"_links":{"self":[{"href":"http:\/\/zahaczeni.net\/wojtkablog\/wp-json\/wp\/v2\/pages\/352"}],"collection":[{"href":"http:\/\/zahaczeni.net\/wojtkablog\/wp-json\/wp\/v2\/pages"}],"about":[{"href":"http:\/\/zahaczeni.net\/wojtkablog\/wp-json\/wp\/v2\/types\/page"}],"author":[{"embeddable":true,"href":"http:\/\/zahaczeni.net\/wojtkablog\/wp-json\/wp\/v2\/users\/1"}],"replies":[{"embeddable":true,"href":"http:\/\/zahaczeni.net\/wojtkablog\/wp-json\/wp\/v2\/comments?post=352"}],"version-history":[{"count":1,"href":"http:\/\/zahaczeni.net\/wojtkablog\/wp-json\/wp\/v2\/pages\/352\/revisions"}],"predecessor-version":[{"id":353,"href":"http:\/\/zahaczeni.net\/wojtkablog\/wp-json\/wp\/v2\/pages\/352\/revisions\/353"}],"wp:attachment":[{"href":"http:\/\/zahaczeni.net\/wojtkablog\/wp-json\/wp\/v2\/media?parent=352"}],"curies":[{"name":"wp","href":"https:\/\/api.w.org\/{rel}","templated":true}]}}